Convert 2b15 (base 14) to base 16.
1def
-6036400 (base 7) to base 13
-1c07b0
What is -1121411 (base 6) in base 2?
-1110000000101111
What is 15d8416 (base 14) in base 9?
22180564
1110011001101001 (base 2) to base 14
176d3
What is -2144535 (base 7) in base 8?
-1002270
What is 23262504 (base 8) in base 11?
29548a8
-755403 (base 9) to base 13
-129b58
What is 80025 (base 14) in base 13?
a9b92
Convert 2082316 (base 9) to base 11.
6a3313
Convert -35992 (base 14) to base 3.
-20122111200
What is -1111001001001 (base 2) in base 12?
-45a1
Convert 26ec82 (base 16) to base 6.
130401442
40132432 (base 5) to base 15
642b2
Convert 5255121 (base 6) to base 16.
3e9b9
What is -178753 (base 13) in base 10?
-590047
Convert -3221422 (base 6) to base 5.
-20032421
What is -20442331 (base 5) in base 2?
-101001111001000111
20221202233 (base 4) to base 7
25162144
Convert 1df94 (base 16) to base 10.
122772
-703327 (base 8) to base 16
-386d7
What is -d01442 (base 15) in base 4?
-211223023310
What is 2904142 (base 12) in base 14?
113d162
-1324111 (base 8) to base 2
-1011010100001001001
What is 10954101 (base 10) in base 6?
1030441233
-235204462 (base 7) to base 2
-110111110010001111010110
524622 (base 9) to base 2
1001100000111101101
Convert -782408 (base 11) to base 8.
-4604627
d1735 (base 16) to base 15
11e2de
Convert 1212033230 (base 4) to base 14.
ac8a0
What is 528021 (base 10) in base 6?
15152313
Convert 7c53e8 (base 15) to base 6.
331200045
What is 3610523 (base 7) in base 9?
765118
Convert 12112111100100 (base 3) to base 4.
23032120200
Convert -217a06 (base 15) to base 16.
-185778
-1384353 (base 9) to base 2
-10111010100101111011
54d75 (base 15) to base 9
450812
Convert -12102221112 (base 3) to base 14.
-2b079
What is -178893 (base 11) in base 10?
-275256
Convert -151824 (base 9) to base 4.
-112301011
-111322413 (base 5) to base 8
-1707376
What is -1020031223 (base 4) in base 5?
-33431122
Convert -612055 (base 8) to base 2.
-110001010000101101
1350285 (base 9) to base 6
23521252
What is -14252504 (base 6) in base 8?
-1673370
What is -14551c (base 14) in base 8?
-2543246
Convert 4171 (base 9) to base 5.
44221
What is 11227767 (base 9) in base 11?
3093763
2732b1 (base 16) to base 6
131020545
What is -ad7c (base 15) in base 6?
-442200
What is -48095 (base 14) in base 8?
-527203
Convert 1001010011101011001101 (base 2) to base 10.
2439885
What is 3331111021 (base 4) in base 13?
2a43b7
What is 1530516 (base 11) in base 4?
21333332301
-1717db (base 15) to base 12
-45b622
-1000331021 (base 4) to base 7
-2155451
Convert 10000010110001110 (base 2) to base 10.
66958
What is -24011403 (base 6) in base 9?
-1360243
Convert -130102121 (base 4) to base 10.
-115865
What is -10011010000010100 (base 2) in base 4?
-103100110
241303010 (base 5) to base 2
100010001001110011010
Convert a5229c (base 13) to base 12.
1362184
-34454413 (base 6) to base 2
-100000100000001001001
Convert -24a708 (base 13) to base 8.
-3266567
Convert 23321102130 (base 4) to base 14.
5b2552
-1025301 (base 6) to base 4
-30110011
Convert -100011001111111001 (base 2) to base 12.
-6b675
What is -10020120102 (base 3) in base 5?
-4020324
Convert 27846 (base 13) to base 3.
10202101110
What is -104b65 (base 12) in base 10?
-257405
Convert -1673b (base 13) to base 4.
-22133200
What is -102131231110 (base 4) in base 2?
-10010011101101101010100
24551252 (base 6) to base 13
219758
What is -1a9351 (base 12) in base 2?
-1110011010010101101
What is a3971 (base 11) in base 10?
151570
What is 13120301 (base 6) in base 10?
430381
What is 181392 (base 10) in base 4?
230102100
-64525a (base 12) to base 2
-110000010111100100110
-383880 (base 9) to base 3
-102210222200
What is -10011101111011111 (base 2) in base 5?
-10041423
What is 1000000433 (base 5) in base 8?
7346733
413275 (base 11) to base 7
5431263
What is 115547 (base 16) in base 15?
176898
What is -866902 (base 10) in base 6?
-30325234
What is -10303302013 (base 4) in base 6?
-43004251
336912 (base 11) to base 12
21a344
What is -20321000013 (base 4) in base 3?
-11101102000200
Convert -2340240122 (base 5) to base 12.
-19847b0
Convert -32442101 (base 6) to base 13.
-27c5bc
-1204612 (base 12) to base 16
-35466e
Convert 6645525 (base 7) to base 5.
202141234
c9c5a (base 13) to base 2
1011001000001000000
What is 440103 (base 6) in base 2?
1000110111100111
-531332 (base 6) to base 11
-2a433
Convert 52a7238 (base 11) to base 3.
122120022110201
Convert 13cbb7 (base 14) to base 3.
1021222012020
What is -71b1b7 (base 14) in base 7?
-44405020
What is 9f7b (base 16) in base 8?
117573
What is -115011342 (base 7) in base 14?
-d4c622
What is -345433451 (base 6) in base 2?
-11000100001010000100111
What is 33637 (base 8) in base 6?
145531
-114042005 (base 7) to base 15
-9498c5
What is 4b8567 (base 14) in base 13?
6cc032
-2ca1a1 (base 13) to base 14
-20b8d6
Convert -2131 (base 5) to base 4.
-10203
-200010211012211 (base 3) to base 14
-13cd79c
3325342 (base 6) to base 15
347a2
33000301 (base 5) to base 14
7474a
Convert 726a (base 15) to base 12.
11ba7
What is -1074719 (base 10) in base 9?
-2017212
What is 110211021 (base 3) in base 11?
702a
Convert -677215 (base 9) to base 2.
-1100010111111111100
What is 14200300 (base 5) in base 10?
146950
210220330123 (base 4) to base 11
547032a
36258107 (base 9) to base 14
24c8560
-ba03 (base 16) to base 11
-32860
22405333 (base 9) to base 7
161245566
Convert 280616 (base 9) to base 4.
221301033
-1002334 (base 5) to base 9
-23813
-10200220332 (base 5) to base 16
-a10c63
-111102100201002 (base 3) to base 8
-33152242
Convert -101010001001001111 (base 2) to base 3.
-22202210110
What is 1b3924 (base 15) in base 8?
5042462
What is -3b9671 (base 13) in base 8?
-5415741
What is -112d78d (base 14) in base 7?
-126353236
Convert 100000000010001001 (base 2) to base 6.
2451241
-2037206 (base 10) to base 9
-3744462
What is 43563050 (base 7) in base 6?
212145252
3266100 (base 7) to base 5
100344244
What is -9ea33 (base 16) in base 10?
-649779
Convert -3584b (base 15) to base 8.
-515175
What is -32255113 (base 7) in base 3?
-12011212211211
-330309 (base 10) to base 4
-1100221011
-434120 (base 9) to base 15
-51a99
-64c34 (base 14) to base 16
-3b89e
Convert 45e23 (base 15) to base 2.
110110010101011110
2942942 (base 12) to base 3
120121122100212
-1210201121111 (base 3) to base 14
-1ad73a
What is 74811 (base 10) in base 6?
1334203
-1110001001011111000000 (base 2) to base 8
-16113700
-2185a85 (base 11) to base 9
-7175672
3123432222 (base 5) to base 13
1455c10
424022110 (base 5) to base 6
102113340
Convert 10101110010000010101111 (base 2) to base 13.
124bcc9
21da6 (base 16) to base 8
416646
What is 486c2 (base 14) in base 16?
2b342
Convert 215644212 (base 7) to base 12.
4456003
Convert 1342202054 (base 6) to base 5.
13141024433
Convert d19c49 (base 14) to base 4.
122322331121
What is 32035155 (base 8) in base 2?
11010000011101001101101
-2406050 (base 8) to base 14
-131d7a
202840 (base 10) to base 14
53cc8
-128892 (base 11) to base 2
-110001010101000010
Convert 4431132433 (base 5) to base 15.
ca3698
What is -4a08 (base 11) in base 7?
-25034
-119357 (base 12) to base 10
-285619
What is 114631 (base 12) in base 15?
572c1
Convert -113052223 (base 7) to base 2.
-11010100001110001110001
-113882 (base 11) to base 12
-8871b
-126101633 (base 7) to base 3
-120022022110112
53a99 (base 15) to base 8
1006654
What is 6241520 (base 8) in base 7?
20033626
Convert 2302000 (base 6) to base 5.
12221242
What is -313201310 (base 4) in base 7?
-1635050
Convert -119376 (base 14) to base 13.
-180ac1
Convert 41d60c (base 14) to base 4.
20133212030
1406356 (base 8) to base 9
663834
Convert -4189d (base 16) to base 14.
-6db89
What is 702274 (base 9) in base 3?
210002022111
Convert -110011020120 (base 3) to base 14.
-632c1
What is -574703 (base 12) in base 3?
-2121222122110
Convert 1071332 (base 9) to base 5.
122001434
What is -104423121 (base 5) in base 12?
-1a6506
Convert -120566205 (base 7) to base 6.
-425004013
10120211120222 (base 3) to base 2
111010001010101110101
What is -301003033 (base 4) in base 8?
-610317
What is -13251112 (base 6) in base 2?
-1101011111101010100
Convert -796802 (base 10) to base 14.
-16a546
Convert 3340105 (base 6) to base 12.
81635
-4431220 (base 7) to base 2
-100001010010